 + s**3/2 + 10*s. Is o(-1) prime?
False
Let z = 2562 + -1553. Is z composite?
False
Let i = 5 + 0. Let p be (3/(-3) - i)*-1. Is (10/4)/(p/1308) a prime number?
False
Let b be (-1 + -1)/((-4)/(-7384)). Let g = b + 5586. Is g a prime number?
False
Let f(j) = -j**2 + 4*j + 9. Let m be f(5). Is (16/m - 3)*52 + 1 a prime number?
True
Let t = -16 - -16. Suppose t = 11*a - 4*a - 4711. Is a a prime number?
True
Suppose -166*h = -171*h + 11435. Is h a prime number?
True
Let a be (0/5)/3 + (5693 - -1). Is 16/7 - 2 - a/(-14) composite?
True
Let o(i) = 5*i**3 - 10*i**2 + 28. Is o(13) composite?
False
Suppose 5*r - 2*r - 15 = 0. Suppose k - r*q = 156, 0 = 4*k - 5*q + 62 - 731. Suppose -g - g = 3*m - k, -4*m + 83 = g. Is g composite?
True
Let a(x) = x. Let c be a(-8). Let y(u) = 5*u**2 + 9*u + 3. Is y(c) composite?
False
Suppose 3*c = x + x - 262, -5*c = 4*x - 546. Suppose -8*z = -6*z - x. Is z a composite number?
False
Suppose -5*z - 6039 = -a, -a - 10*z = -7*z - 6023. Is a a composite number?
False
Let c be 17/4 + (-2)/8. Let z be (2/2)/(4990/(-4995) + 1). Suppose y - 998 = -5*v + c*y, 5*v = 4*y + z. Is v prime?
True
Let j be (-1095)/18*-10 + (-8)/(-12). Suppose -j = -5*d + 1046. Is d a prime number?
True
Suppose 0 = 5*a - 2*o + 3*o - 44812, 3*a = 3*o + 26898. Let m = -4281 - -7399. Suppose -m + a = 5*b. Is b a prime number?
False
Suppose -3*l + 4*s + 98259 = 0, 0*l + l - 3*s - 32758 = 0. Is l a prime number?
True
Let g(v) = -7 + 106*v**2 - 2 + 2*v + 8. Is g(-2) a composite number?
False
Let y = -12539 + 20542. Is y a composite number?
True
Suppose -7*n + n + 1962 = 0. Suppose -1681 = -4*b - b - 3*u, 0 = -b + 4*u + n. Is b a prime number?
False
Let h = 8 + -6. Suppose -5*a = -15, 0 - 6 = -2*o - 2*a. Suppose h*t - 44 = -o*t. Is t prime?
False
Suppose 0*s - s = -5*b + 11, -5*s + 3 = 4*b. Is 31 - (s - 3/(-3)) a prime number?
True
Let q = 13 - 11. Let t be (0 + q + -2)/(-1). Is (t + -159)/(3/(-2)) a composite number?
True
Suppose 5*v = -13 - 2. Let o(c) = -85*c - 1. Is o(v) prime?
False
Let p(g) = g**3 - 4*g**2 + g + 9. Let d = 13 + -16. Let n(v) = -2*v**3 + 3*v**2 - 10. Let o(x) = d*p(x) - 2*n(x). Is o(-5) composite?
True
Let b(h) = -h**3 + 4*h**2 + 7*h. Let l be 4*(2 + -1) + 1. Is b(l) prime?
False
Let q = 2557 + -1778. Suppose -2*c - 3*c + 4*f + 759 = 0, q = 5*c + f. Is c a composite number?
True
Let i = 18 - 10. Suppose 0 = 2*u - i. Suppose -2*t + 4*t - u*w - 58 = 0, w = 2*t - 64. Is t a composite number?
True
Let w(o) = -1454*o + 3. Let s(x) = 969*x - 2. Let t(z) = 8*s(z) + 5*w(z). Is t(1) composite?
True
Suppose 0*q = -6*q + 3804. Suppose 0 = 2*b - 0*b - q. Is b composite?
False
Let z(h) = 6*h - 36. Let t(n) = 2*n - 12. Let i(w) = 17*t(w) - 6*z(w). Let f be i(6). Suppose 3*l - 5*g - 246 = 0, 5*l + 5*g - 568 + 118 = f. Is l composite?
True
Let y(q) be the first derivative of -q**3 + q**2/2 + 21*q + 10. Let w be y(0). Suppose 206 = i + w. Is i a prime number?
False
Let r(p) = 696*p + 287. Is r(14) prime?
False
Suppose 14189 = x - 41*u + 44*u, -x + 14189 = 2*u. Is x a composite number?
True
Suppose -88289 = -5*s + 2*l, 35322 = s + s - 4*l. Is s prime?
True
Let q = 132 - -130. Is q a composite number?
True
Suppose -u - 5*i = -28, -5*u - 5*i + 24 + 16 = 0. Is (7448/(-12) + 8)*u/(-2) prime?
True
Suppose -p = 60 - 20. Suppose 0 = 5*z - 3*z + 154. Let u = p - z. Is u prime?
True
Let f = -3981 - -8842. Is f prime?
True
Suppose 5*b - 20 = 4*s + 6, -4*s - 4*b = 44. Is (-10299)/s*(-11 + 14) a composite number?
False
Let h(y) = -y**3 + 12*y**2 - 37*y + 15. Let j(w) = -w**2 + 1. Let x(s) = -h(s) + 4*j(s). Is x(17) composite?
False
Let p be ((-1)/(-2))/(10/80). Suppose -h = f - 6349, 29853 = p*h - 4*f + 4473. Is h prime?
False
Let v = 13461 + 4841. Is v a prime number?
False
Suppose -16*p = -14*p - 38. Suppose -2*u + 5*u - 12 = 3*l, 4*l - 5*u + p = 0. Is 373/4 + l/4 a prime number?
False
Suppose -2*u + 1424 = -2*b + 444, 4*b = 5*u - 1963. Let y = b + 710. Is y composite?
False
Let b = 1057 + 414. Is b composite?
False
Let t(x) = 3*x**2 - 17*x - 1. Let r be t(6). Suppose 0 = r*g - 527 - 198. Is g prime?
False
Let c(o) = -66*o + 10. Let p be c(12). Let v = 137 - p. Is v composite?
False
Let c = 4 - 11. Let k = 12 + c. Suppose 0 = -p + k*p - 764. Is p composite?
False
Let t(d) = -4513*d + 126. Is t(-5) composite?
False
Let p(t) = 6*t + 15. Let f(a) = 5*a + 15. Let d(y) = 5*f(y) - 4*p(y). Let h be d(-10). Suppose 0 = -h*m + 853 + 832. Is m a composite number?
False
Let g = 12 + -10. Let o(v) = -v**3 - 2*v**g + 5 + v**2 + 7*v**2 + v - 4*v. Is o(4) a prime number?
False
Suppose 4*l - 2*x - 42866 = 0, 0 = 2*l - x - 4*x - 21429. Is l prime?
False
Suppose -f = 2, -3*c - 5*f - 3159 = -2*f. Let t = 2188 + c. Is t a composite number?
True
Suppose -2*b - 6*g = -2*g - 16, -2*b + 5*g - 20 = 0. Suppose 2*w + b*w + 52 = 0. Let t = w - -63. Is t a prime number?
True
Let i = 7402 + 61. Is i a composite number?
True
Suppose -4*m = -4*p - 140, -120 = -2*m - 2*m - p. Suppose v + 4*c = 11, -4*c - m = -5*v - 0*v. Suppose 9*q - 1162 = v*q. Is q prime?
False
Let r(p) = 6*p**2 - 10. Let v(s) = s**2 + s. Let m(z) = -r(z) + 5*v(z). Let c be m(9). Let u = 45 + c. Is u prime?
True
Let d(l) = -l**3 + 27*l**2 - 16*l - 17. Is d(15) composite?
True
Suppose -2*n + n = -3. Suppose 5*s - 5*g - 1125 = 0, -4*s + 5*g = n*g - 896. Is s composite?
False
Let l(t) = -t**3 - 5*t**2 - 3*t + 1. Let j be l(-4). Let w(i) = -6*i**3 + 2*i**2 + 2*i + 3. Is w(j) prime?
False
Let w be 10*((-36)/10 - -4). Suppose -3217 = -3*f + 5*y, 5*y - 4457 = -w*f - 191. Is f composite?
False
Let u be 3/2 + (-36)/(-24). Suppose 3*i = -3*r - 0*r - 6, -2*r = u*i + 2. Suppose -3*j + i*m + 361 = 0, -3*j + 367 = -2*m - 3*m. Is j a prime number?
False
Let q be 4/(-34) + 0 - (-296800)/119. Suppose 5*n - q - 1611 = 0. Is n prime?
True
Let u = -16728 + 45437. Is u a composite number?
True
Let o(t) = -2*t**3 - 16*t**2 + 4*t + 11. Is o(-12) a prime number?
False
Let l(s) = -s**3 - 15*s**2 - 8*s - 24. Let o be l(-15). Let z = o + -7. Is z a composite number?
False
Let y(d) be the first derivative of d**3/3 + 4*d**2 - 4*d + 8. Let j be y(-9). Suppose -j*v + 1975 = 30. Is v prime?
True
Suppose -3*s - 13*a = -11*a - 104207, 0 = a - 1. Is s a prime number?
False
Let x(o) = 223*o**2 + 11*o + 29. Is x(-6) a composite number?
True
Let q(r) = -r**3 + 22*r**2 - 6*r - 19. Let z be q(12). Suppose -3*t + 6*t = -x + z, x = -5*t + 1341. Is x prime?
True
Let g(n) = -1367*n - 6. Is g(-1) a prime number?
True
Let o(l) = l**3 - 26*l**2 - 94*l + 212. Is o(51) prime?
True
Let q(p) be the third derivative of -p**5/60 + 13*p**4/24 + p**3/2 + 2*p**2 + 85. Suppose 0 = 3*t - 2 - 28. Is q(t) prime?
False
Let j = -1077 - -3178. Is j composite?
True
Let y(q) = 7*q**2 - 12. Let u = 10 + 3. Let c(h) = -h**2 + 15*h - 19. Let w be c(u). Is y(w) a prime number?
True
Let t = 16159 - 8533. Suppose 11*f = -t + 35159. Is f composite?
False
Let g be 24/18*27/6. Suppose g*r = 743 - 107. Is r a composite number?
True
Let f(a) = 13*a**2 + 9*a + 9. Let g be f(-2). Suppose i - g = 22. Is i prime?
False
Is 17/((-17)/(-672)) + (-5)/1 a prime number?
False
Let c = 11320 + -3854. Is c a prime number?
False
Let l = -317 - -616. Is l a prime number?
False
Let h(x) be the third derivative of x**6/120 - 3*x**5/10 - 29*x**4/24 - 3*x**3/2 + 8*x**2. Is h(20) prime?
True
Let n(p) = 333*p**3 + 13*p**2 + 3*p - 23. Is n(4) a prime number?
False
Suppose 40*k = 48*k - 6328. Is k composite?
True
Suppose -45*n + 50*n - 155735 = 0. Is n prime?
True
Suppose 5*r + 12748 = 221343. Is r prime?
True
Suppose -2*m + 641 + 1647 = 0. Let r = m - 513. Is r composite?
False
Let b(v) = 9*v - 4. Let t = 37 + -32. Suppose 3*x - t*g + 13 = 2*x, 0 = -5*x - g + 13. Is b(x) a composite number?
True
Suppose 2*c - 20 = -2*o, 0 = 2*o - 3*o - 2. Let b(f) = 44*f - 35. Is b(c) a prime number?
False
Let o = -16796 + 35275. Is o a composite number?
True
Let t(y) = 56*y - 54*y + 7*y**2 + 9 - y**3 + 2*y**3. Let q be t(-7). Let m(a) = -a**3 + 3*a**2 - 5*a - 2. Is m(q) composite?
False
Suppose -2*d - 103 = 3*l, 36 = -5*l - 4*d - 133. Let b = 30 - l. Is b a prime number?
True
Let d(q) = 7*q**2 + 86*q - 70. Is d(29) a composite number?
False
Suppose -31367 = -w - 2*n, 3*w - 7*n - 69875 = 24226. Is w prime?
False
Suppose 5*r - 9231 = -4*